 177. Suppose r + s = 5*l. What are the prime factors of l?
3, 5
Let u(a) = 2*a**2 - 2*a. Suppose 3*m + 3 = 4*x, -4*m - 4 = -0*x - 2*x. Let c be u(m). Suppose p + 5*n - 49 = 0, -3 = c*n - 19. List the prime factors of p.
29
Suppose -31*m + 50090 = -43065. What are the prime factors of m?
5, 601
Let x = -750 + 1083. What are the prime factors of x?
3, 37
Suppose 0 = -6*k + 2304 - 678. What are the prime factors of k?
271
Let x(o) = -7*o**3 + 142*o**2 + 20*o - 27. What are the prime factors of x(18)?
3, 613
Let p(a) = -27*a + 60. What are the prime factors of p(-12)?
2, 3
Let u be 22/55*(-25 + 0). Let j be ((-10)/(-4))/((-5)/u). Suppose 0*b = -j*b - 5, 0 = i + b - 5. List the prime factors of i.
2, 3
Let i = -398 - -719. What are the prime factors of i?
3, 107
What are the prime factors of (0 - -1)*-2 - -1699?
1697
Suppose 5*m + 5*x - 146 = x, 86 = 3*m + 4*x. Suppose -m*r = -33*r + 405. What are the prime factors of r?
3, 5
Let p = -131 + 431. What are the prime factors of p?
2, 3, 5
Let d be 2/(((-3)/92)/(21/(-8))). Let r = d - 72. List the prime factors of r.
89
Let s(a) = -3*a**3 + 5*a**2 + 10*a - 12. Let w be s(8). List the prime factors of (-2)/5 + (w/(-5))/4.
3, 19
List the prime factors of (-73276)/14*(-1)/2.
2617
Let f = 7218 - 2184. What are the prime factors of f?
2, 3, 839
Suppose 13*y - 16*y + 252 = 0. Suppose 4*v + 4*m = 1232, -2*v + 696 - y = m. What are the prime factors of v?
2, 19
Let h = -71 + 153. What are the prime factors of h?
2, 41
Suppose 0 = 34*z - 131674 - 2660. List the prime factors of z.
3, 439
Let r = 3 + -3. Suppose -c - 2*c + 162 = r. Suppose 2*s + 1 = j - s, -2*s = -4*j + c. List the prime factors of j.
2
Let z = -51 - -50. What are the prime factors of (z - 2)/(0 + 9/(-300))?
2, 5
Let q(w) = w**2 + 9*w - 5. Let t be q(-6). Let i be ((-287)/(-14))/((-1)/2). Let x = t - i. List the prime factors of x.
2, 3
Let k be 1/(-5) - (-492)/(-15). What are the prime factors of ((-16)/(-6) + -3)*k?
11
Suppose -n = 3*d - 458, -4*d = 12 + 8. List the prime factors of n.
11, 43
Let k = 10 + 1. Let y = k - 9. Let f = y - -34. What are the prime factors of f?
2, 3
Let n(w) be the third derivative of -w**6/120 + w**5/5 + w**4/2 + 11*w**3/6 - 6*w**2. Let l be n(13). What are the prime factors of (1/l)/((-1)/74)?
37
Let d = 292 + -69. Let p = d - 74. List the prime factors of p.
149
Let u = 16 - -19. Let x = 34 + u. List the prime factors of x.
3, 23
Let s = -1641 - -2964. List the prime factors of s.
3, 7
Let v = -34 + 30. Let a(m) = -2*m**3 - 4*m**2 - 2*m + 7. List the prime factors of a(v).
79
Let f(a) = 11*a + 16. Let o be f(8). Suppose 2*g - g = o. Suppose -g = -2*u - 18. What are the prime factors of u?
43
Suppose 7*f + 126 = -175. What are the prime factors of (-11 - f)*(-51)/(-6)?
2, 17
Suppose 4*x - 1143 - 393 = 0. List the prime factors of ((-6)/8)/((-16)/x).
2, 3
Suppose 41*r = 27*r + 3178. List the prime factors of r.
227
Let o(x) = -x**3 - x**2 - 2*x - 2. Let v be o(-1). Suppose 5*p + 3*l + 0*l - 50 = v, -3*p + 2*l = -30. Suppose p*s = 5*s + 75. What are the prime factors of s?
3, 5
Let w(b) = -b**2 + 13*b - 26. Let i be w(9). Suppose 14*a - i*a = 60. List the prime factors of a.
3, 5
Let o(d) = -25*d**3 - d**2 - d + 1. Let q be o(1). Let c = -19 - q. What are the prime factors of 16 - 0 - (3 - c)?
2, 5
Let u = 94 + 8. Let q = u + -56. Let i = q - 21. List the prime factors of i.
5
Let s = -728 - -398. Let u = s - -622. List the prime factors of u.
2, 73
Let g be (-6)/8 - (-57)/12. Suppose -4*i = g*l - 6*l - 78, 5*i + l - 94 = 0. What are the prime factors of i?
19
Suppose 4*n - 110 = -5*x, -7*n = 2*x - 3*n - 32. Suppose -x = -s - 22. Suppose -38 = -g - 2*k, g + s*k = 4*g - 134. What are the prime factors of g?
2, 3, 7
Let q(l) be the first derivative of -5*l**2/2 + 5. List the prime factors of q(-7).
5, 7
Suppose -2*p - 44 = 2*p + 4*h, -h = -p - 9. Let k be p/(0 + (-4)/(-16)). List the prime factors of k/4*(-14)/5.
2, 7
Let o(w) = -6*w + 164. Let r be o(0). Let l = -94 + r. List the prime factors of l.
2, 5, 7
Suppose -5*o + 924 = 4*j - 318, j + 5*o = 303. What are the prime factors of j?
313
Let c(x) = -2*x + 30. Let w be c(14). Suppose -3*p = -2*y - 47, -2*y + 42 = 2*p + w*y. List the prime factors of p.
17
Suppose -5*n + 8 + 6 = 3*r, -3*n + 3 = 0. Suppose 2*i - 61 = -2*f + 43, -r*f + 146 = i. Suppose 2*o = f + 9. What are the prime factors of o?
2, 7
Suppose -5*n + 756 = t, -3*t - 3*n = t - 3075. List the prime factors of t.
3, 257
Suppose 2*b + 5 = -3*b. What are the prime factors of b - 3 - 150/(-2)?
71
Let m(h) = -3 + 3 + 5 - 1 - 2*h. Let j be m(4). List the prime factors of ((-2)/j)/((-3)/(-102)).
17
Let g = 262 - 35. What are the prime factors of g?
227
What are the prime factors of (11 + 1)/2 + -2 + 2?
2, 3
Suppose 0*y + 4*y - 69 = -3*x, -3*y + 99 = 4*x. Let p = x - -97. Suppose 20*u + p = 24*u. What are the prime factors of u?
31
Let h(d) = -7*d + 64. Let s be 30/20 - (-117)/(-6). What are the prime factors of h(s)?
2, 5, 19
List the prime factors of (-3)/(-5) - 87493/(-145).
2, 151
Suppose 6 = o + 2. Suppose -148 = -o*q - 0*q. What are the prime factors of q?
37
Let n be 1 + 3 + 330 - 6/3. Let j = n - 180. List the prime factors of j.
2, 19
Suppose 11*j = 4*j + 14. Suppose j*p - 305 = 147. List the prime factors of p.
2, 113
Suppose -1 = -5*g + 4. Let q be 2 + g*(-3 + 3). Suppose -2*n + 26 = -3*x - 9, q*n = 2*x + 34. List the prime factors of n.
2
Let o(p) = 2*p - 7. Let w be o(4). Let a be w/(8/20)*2. Suppose 30 = 2*h + y - a*y, 2*y + 90 = 4*h. List the prime factors of h.
5
Suppose 3*t = 13 - 4. Let f be (1 - -87)*6/12. Let b = f - t. What are the prime factors of b?
41
Let k be -1 - -2 - (0 - 7). Suppose -3*o + 321 = -i, -4*i + k + 404 = 4*o. What are the prime factors of o?
2, 53
Suppose -70*k = 62*k - 510312. What are the prime factors of k?
2, 1933
Let b = -58 + 66. Suppose -k = 2*x - 2*k + 1, 4 = 4*x + 4*k. Let q = b - x. What are the prime factors of q?
2
Let q(r) = -5*r - 45. Let b be q(-9). Suppose -5*h - 980 = -3*c - b*h, -c - 3*h = -336. List the prime factors of c.
2, 3, 5, 11
Let k(t) = -t - 15. Let o be k(-6). Let v = o + 32. Suppose d - v = -5*l + 16, -5*d = -2*l - 87. List the prime factors of d.
19
Suppose g - 13 = b, 2*g + 3*b = -g + 33. Suppose -156 = -2*r + g. What are the prime factors of r?
2, 3, 7
Suppose 7*k - 2*k - 70 = 0. Suppose 3*h = -k + 23. Suppose 0*b + 3*u = 4*b - 202, -153 = -h*b + 3*u. What are the prime factors of b?
7
Let s = 206 - -197. Let j = s + -271. List the prime factors of j.
2, 3, 11
Let t = 12 - 9. Suppose 246 = t*w - w. Suppose -5*g = 28 - w. What are the prime factors of g?
19
Let f = 714 - 624. List the prime factors of f.
2, 3, 5
List the prime factors of 12/(((-78)/260)/((-9)/5)).
2, 3
Suppose 0 = 54*h - 33*h - 11403. List the prime factors of h.
3, 181
Suppose -o = -2*z - 13, 3*o = -o - 5*z. Suppose 2*d - 5*d - o*i + 120 = 0, 2*d = -2*i + 80. List the prime factors of d.
2, 5
Let a = 34 - 27. Suppose -a*n = -n - 216. Let u = -16 + n. What are the prime factors of u?
2, 5
Suppose -1021*r + 1024*r + 39 = 0. Suppose 2*m + 25 = 3*m. Let u = r + m. List the prime factors of u.
2, 3
Let b(f) = -f - 9. Let x be b(-8). List the prime factors of 2/2 - -6*(-32)/x.
193
Let u = -687 - -1204. What are the prime factors of u?
11, 47
Let m(j) = 2*j**2 + 10*j + 2. Suppose 5*p - 3*i = 31, 2*i = -3*p + 18 - 7. What are the prime factors of m(p)?
2, 3, 17
Let m(q) = -q**3 + 6*q**2 + 5*q - 7. Let v be m(5). Let a = v - -4. What are the prime factors of a?
47
Let l(i) = 4*i**2 - 27*i - 4. What are the prime factors of l(-10)?
2, 3, 37
Suppose -13*f + 3416 = f. List the prime factors of f.
2, 61
Let o = -64 - -151. Suppose -5*a = -o + 7. Let d = 68 - a. What are the prime factors of d?
2, 13
Suppose -21*b + 8 = -17*b. Suppose -2*j + 2*o - 7*o + 198 = 0, b*j = o + 198. What are the prime factors of j?
3, 11
Suppose 0 = 5*r - 4*i - 139, 85 = 2*r + r - 4*i. Suppose -3*y = -6*y - r. Let l = y + 21. What are the prime factors of l?
2, 3
List the prime factors of (-1)/(-2) + -6*639/(-4).
7, 137
Let v be (5709/9 - 0) + 6/(-18). Suppose 34 = -5*u + v. List the prime factors of u.
2, 3, 5
Let q = -599 + 7090. List the prime factors of q.
6491
Let z = 125 - -1182. What are the prime